 digit of 101959?
5
What is the millions digit of 1033857?
1
What is the ten thousands digit of 131609?
3
What is the millions digit of 42174058?
2
What is the tens digit of 90879?
7
What is the millions digit of 13807062?
3
What is the tens digit of 563125?
2
What is the hundreds digit of 375570?
5
What is the hundred thousands digit of 342866?
3
What is the ten thousands digit of 14544320?
4
What is the tens digit of 126515?
1
What is the units digit of 2376742?
2
What is the hundred thousands digit of 6516562?
5
What is the ten thousands digit of 396931?
9
What is the units digit of 1296247?
7
What is the tens digit of 182896?
9
What is the units digit of 261021?
1
What is the units digit of 127404?
4
What is the hundreds digit of 264262?
2
What is the millions digit of 1104487?
1
What is the hundreds digit of 2490863?
8
What is the units digit of 996606?
6
What is the ten thousands digit of 76454?
7
What is the hundreds digit of 11456166?
1
What is the hundreds digit of 527578?
5
What is the ten thousands digit of 279643?
7
What is the tens digit of 332918?
1
What is the thousands digit of 1142126?
2
What is the thousands digit of 1624463?
4
What is the hundreds digit of 3040993?
9
What is the units digit of 687537?
7
What is the ten thousands digit of 2725432?
2
What is the hundreds digit of 972287?
2
What is the thousands digit of 105479?
5
What is the ten thousands digit of 12239705?
3
What is the ten thousands digit of 1045797?
4
What is the thousands digit of 17267?
7
What is the ten thousands digit of 27352?
2
What is the millions digit of 2423292?
2
What is the tens digit of 1678725?
2
What is the millions digit of 1405985?
1
What is the thousands digit of 170440?
0
What is the hundreds digit of 1913020?
0
What is the hundreds digit of 1457031?
0
What is the hundreds digit of 3174265?
2
What is the units digit of 268555?
5
What is the ten thousands digit of 518927?
1
What is the hundred thousands digit of 14894410?
8
What is the hundred thousands digit of 8125103?
1
What is the thousands digit of 513681?
3
What is the thousands digit of 34190187?
0
What is the ten thousands digit of 1910364?
1
What is the hundred thousands digit of 159321?
1
What is the units digit of 1663181?
1
What is the units digit of 134344?
4
What is the units digit of 752067?
7
What is the thousands digit of 557156?
7
What is the ten millions digit of 21004534?
2
What is the tens digit of 2704061?
6
What is the tens digit of 237978?
7
What is the millions digit of 1582310?
1
What is the hundreds digit of 78360?
3
What is the ten millions digit of 35804339?
3
What is the units digit of 269155?
5
What is the tens digit of 5033428?
2
What is the tens digit of 23471?
7
What is the hundred thousands digit of 1679930?
6
What is the tens digit of 776413?
1
What is the millions digit of 6264862?
6
What is the hundred thousands digit of 191104?
1
What is the units digit of 368294?
4
What is the thousands digit of 350974?
0
What is the tens digit of 3978080?
8
What is the tens digit of 877974?
7
What is the tens digit of 130113?
1
What is the millions digit of 3922086?
3
What is the ten thousands digit of 9724689?
2
What is the units digit of 213169?
9
What is the millions digit of 5027119?
5
What is the hundred thousands digit of 559845?
5
What is the thousands digit of 382182?
2
What is the units digit of 7629829?
9
What is the ten thousands digit of 577653?
7
What is the units digit of 107982?
2
What is the hundred thousands digit of 769659?
7
What is the tens digit of 53259?
5
What is the ten thousands digit of 395675?
9
What is the ten thousands digit of 35663?
3
What is the units digit of 13909404?
4
What is the tens digit of 444301?
0
What is the millions digit of 1978990?
1
What is the ten thousands digit of 23528828?
2
What is the millions digit of 5421113?
5
What is the hundreds digit of 309650?
6
What is the tens digit of 17087729?
2
What is the units digit of 258106?
6
What is the hundred thousands digit of 119997?
1
What is the hundred thousands digit of 3089138?
0
What is the units digit of 933443?
3
What is the tens digit of 14640793?
9
What is the hundreds digit of 8852559?
5
What is the hundreds digit of 6314061?
0
What is the tens digit of 20095181?
8
What is the hundreds digit of 1348595?
5
What is the hundred thousands digit of 159624?
1
What is the units digit of 336679?
9
What is the hundred thousands digit of 731657?
7
What is the tens digit of 358611?
1
What is the tens digit of 89131?
3
What is the ten thousands digit of 329752?
2
What is the ten thousands digit of 1058057?
5
What is the hundred thousands digit of 6132481?
1
What is the hundreds digit of 35561?
5
What is the tens digit of 71818?
1
What is the hundreds digit of 33099?
0
What is the hundred thousands digit of 39869005?
8
What is the tens digit of 1980031?
3
What is the units digit of 1422433?
3
What is the hundred thousands digit of 1045477?
0
What is the tens digit of 186577?
7
What is the units digit of 11167397?
7
What is the thousands digit of 2409862?
9
What is the millions digit of 4342810?
4
What is the thousands digit of 9848726?
8
What is the units digit of 699270?
0
What is the hundreds digit of 1722656?
6
What is the hundred thousands digit of 3065959?
0
What is the hundreds digit of 1675649?
6
What is the units digit of 500040?
0
What is the units digit of 13523613?
3
What is the units digit of 16128927?
7
What is the units digit of 141382?
2
What is the hundreds digit of 24583750?
7
What is the units digit of 94045?
5
What is the hundred thousands digit of 29352613?
3
What is the hundreds digit of 92802?
8
What is the hundred thousands digit of 287850?
2
What is the units digit of 27523581?
1
What is the thousands digit of 7295360?
5
What is the thousands digit of 46812?
6
What is the units digit of 217297?
7
What is the tens digit of 1698701?
0
What is the units digit of 745133?
3
What is the hundreds digit of 21842561?
5
What is the hundred thousands digit of 606793?
6
What is the thousands digit of 4399114?
9
What is the thousands digit of 2239311?
9
What is the thousands digit of 589745?
9
What is the tens digit of 5116537?
3
What is the ten thousands digit of 4622787?
2
What is the hundred thousands digit of 216094?
2
What is the millions digit of 2080460?
2
What is the ten thousands digit of 32349882?
4
What is the units digit of 149597?
7
What is the millions digit of 8281024?
8
What is the ten thousands digit of 16275020?
7
What is the thousands digit of 5643377?
3
What is the tens digit of 1464241?
4
What is the tens digit of 12399490?
9
What is the thousands digit of 18825906?
5
What is the thousands digit of 3768356?
8
What is the hundred thousands digit of 2466541?
4
What is the hundreds digit of 562236?
2
What is the hundred thousands digit of 1021160?
0
What is the ten millions digit of 14290651?
1
What is the hundred thousands digit of 591487?
5
What is the tens digit of 1731272?
7
What is the ten millions digit of 12160125?
1
What is the thousands digit of 5410946?
0
What is the ten thousands digit of 12796?
1
What is the tens digit of 235803?
0
What is the ten thousands digit of 15876453?
7
What is the units digit of 175939?
9
What is the tens digit of 4638812?
1
What is the tens digit of 173026?
2
What is the millions digit of 3073979?
3
What is the millions digit of 5068777?
5
What is the hundred thousands digit of 255270?
2
What is the millions digit of 6098448?
6
What is the ten thousands digit of 155432?
5
What is the thousands digit of 3349824?
9
What is the hundred thousands digit of 4404644?
4
What is the ten thousands digit of 387153?
8
What is the millions digit of 1058508?
1
What is the units digit of 568388?
8
What is the tens digit of 10513981?
8
What is the hundreds digit of 1330628?
6
What is the thousands digit of 16483256?
3
What is the hundred thousands digit of 287850?
2
What is the hundreds digit of 728990?
9
What is the tens digit of 4776190?
9
What is the thousands digit of 7772004?
2
What is the units digit of 4543231?
1
What is the ten thousands digit of 486043?
8
What is the tens digit of 316947?
4
What is the units digit of 465618?
8
What is the ten millions digit of 17685617?
1
What is the millions digit of 1936931?
1
